{"id":47,"date":"2020-05-25T09:28:49","date_gmt":"2020-05-25T09:28:49","guid":{"rendered":"http:\/\/wp.okis.hu\/?page_id=47"},"modified":"2020-10-30T11:43:44","modified_gmt":"2020-10-30T11:43:44","slug":"biztositasok","status":"publish","type":"page","link":"https:\/\/wp.okis.hu\/?page_id=47","title":{"rendered":"Biztos\u00edt\u00e1sok"},"content":{"rendered":"\n<p>Ide j\u00f6nnek a k\u00fcl\u00f6nf\u00e9le biztos\u00edt\u00e1sok el\u00e9rhet\u0151s\u00e9gei \u00e9s k\u00f6z\u00f6s &#8222;szab\u00e1lyai\/tudnival\u00f3i&#8221; Ezek k\u00f6z\u00fcl 8 db ki is emelhet\u0151.<\/p>\n","protected":false},"excerpt":{"rendered":"<p>Ide j\u00f6nnek a k\u00fcl\u00f6nf\u00e9le biztos\u00edt\u00e1sok el\u00e9rhet\u0151s\u00e9gei \u00e9s k\u00f6z\u00f6s &#8222;szab\u00e1lyai\/tudnival\u00f3i&#8221; Ezek k\u00f6z\u00fcl 8 db ki is emelhet\u0151.<\/p>\n","protected":false},"author":1,"featured_media":0,"parent":0,"menu_order":951,"comment_status":"closed","ping_status":"closed","template":"","meta":{"footnotes":""},"class_list":["post-47","page","type-page","status-publish","hentry"],"_links":{"self":[{"href":"https:\/\/wp.okis.hu\/index.php?rest_route=\/wp\/v2\/pages\/47","targetHints":{"allow":["GET"]}}],"collection":[{"href":"https:\/\/wp.okis.hu\/index.php?rest_route=\/wp\/v2\/pages"}],"about":[{"href":"https:\/\/wp.okis.hu\/index.php?rest_route=\/wp\/v2\/types\/page"}],"author":[{"embeddable":true,"href":"https:\/\/wp.okis.hu\/index.php?rest_route=\/wp\/v2\/users\/1"}],"replies":[{"embeddable":true,"href":"https:\/\/wp.okis.hu\/index.php?rest_route=%2Fwp%2Fv2%2Fcomments&post=47"}],"version-history":[{"count":3,"href":"https:\/\/wp.okis.hu\/index.php?rest_route=\/wp\/v2\/pages\/47\/revisions"}],"predecessor-version":[{"id":52,"href":"https:\/\/wp.okis.hu\/index.php?rest_route=\/wp\/v2\/pages\/47\/revisions\/52"}],"wp:attachment":[{"href":"https:\/\/wp.okis.hu\/index.php?rest_route=%2Fwp%2Fv2%2Fmedia&parent=47"}],"curies":[{"name":"wp","href":"https:\/\/api.w.org\/{rel}","templated":true}]}}