{"id":213,"date":"2020-10-30T15:04:16","date_gmt":"2020-10-30T15:04:16","guid":{"rendered":"http:\/\/wp.okis.hu\/?page_id=213"},"modified":"2020-10-30T17:14:07","modified_gmt":"2020-10-30T17:14:07","slug":"cookie-kezeles","status":"publish","type":"page","link":"https:\/\/wp.okis.hu\/?page_id=213","title":{"rendered":"Cookie-kezel\u00e9s"},"content":{"rendered":"\n<h2 class=\"wp-block-heading\">Mi is az a s\u00fcti?<\/h2>\n\n\n\n<p>A s\u00fcti (cookie) egy kis f\u00e1jl, amely akkor ker\u00fcl a sz\u00e1m\u00edt\u00f3g\u00e9pre, amikor \u00d6n egy webhelyet l\u00e1togat meg. A s\u00fctik sz\u00e1mtalan funkci\u00f3val rendelkeznek. T\u00f6bbek k\u00f6z\u00f6tt inform\u00e1ci\u00f3t gy\u0171jtenek, megjegyzik a l\u00e1togat\u00f3 egy\u00e9ni be\u00e1ll\u00edt\u00e1sait, felhaszn\u00e1l\u00e1sra ker\u00fclnek p\u00e9ld\u00e1ul az online bev\u00e1s\u00e1rl\u00f3kosarak haszn\u00e1latakor, \u00e9s \u00e1ltal\u00e1noss\u00e1gban megk\u00f6nny\u00edtik a weboldal haszn\u00e1lat\u00e1t a felhaszn\u00e1l\u00f3k sz\u00e1m\u00e1ra.<\/p>\n\n\n\n<h2 class=\"wp-block-heading\">Milyen s\u00fctiket \u00e9s mire haszn\u00e1l a weboldal?<\/h2>\n\n\n\n<p>Az oldal a s\u00fctiket a k\u00f6vetkez\u0151 c\u00e9lokb\u00f3l haszn\u00e1lja<\/p>\n\n\n\n<ul class=\"level1 wp-block-list\"><li>inform\u00e1ci\u00f3 gy\u0171jt\u00e9se azzal kapcsolatban, hogyan haszn\u00e1lja \u00d6n a weboldalt (weboldal mely r\u00e9szeit l\u00e1togatja<\/li><li>weboldalunk fejleszt\u00e9se,<\/li><\/ul>\n\n\n\n<h2 class=\"wp-block-heading\">Felt\u00e9tlen\u00fcl sz\u00fcks\u00e9ges, munkamenet s\u00fctik<\/h2>\n\n\n\n<p>Ezek a s\u00fctik ahhoz sz\u00fcks\u00e9gesek, hogy a felhaszn\u00e1l\u00f3k b\u00f6ng\u00e9szhess\u00e9k a weboldalt, haszn\u00e1lj\u00e1k annak funkci\u00f3t, t\u00f6bbek k\u00f6z\u00f6tt az \u00d6n \u00e1ltal adott oldalakon v\u00e9gzett m\u0171veletek megjegyz\u00e9s\u00e9t egy l\u00e1togat\u00e1s sor\u00e1n. Ezen s\u00fctik \u00e9rv\u00e9nyess\u00e9gi ideje kiz\u00e1r\u00f3lag az \u00d6n aktu\u00e1lis l\u00e1togat\u00e1s\u00e1ra vonatkozik, a munkamenet v\u00e9gezt\u00e9vel, illetve a b\u00f6ng\u00e9sz\u0151 bez\u00e1r\u00e1s\u00e1val a s\u00fctik e fajt\u00e1ja automatikusan t\u00f6rl\u0151dik a sz\u00e1m\u00edt\u00f3g\u00e9p\u00e9r\u0151l. Ne feledje, ezen cookie-k alkalmaz\u00e1sa n\u00e9lk\u00fcl nem garant\u00e1lhatom \u00d6nnek a weboldal haszn\u00e1lat\u00e1t.<\/p>\n\n\n\n<h2 class=\"wp-block-heading\">Haszn\u00e1latot el\u0151seg\u00edt\u0151 s\u00fctik<\/h2>\n\n\n\n<p>Ezek lehet\u0151s\u00e9get biztos\u00edtanak arra, hogy megjegyez\u00e9sre ker\u00fcljenek a weboldallal kapcsolatos v\u00e1laszt\u00e1sai.<\/p>\n\n\n\n<h2 class=\"wp-block-heading\">Teljes\u00edtm\u00e9nyt biztos\u00edt\u00f3 s\u00fctik<\/h2>\n\n\n\n<p>A statisztikai s\u00fctiket arra haszn\u00e1lja az oldal, hogy inform\u00e1ci\u00f3t gy\u0171jts\u00f6n azzal kapcsolatban, hogyan haszn\u00e1lja a weboldalt. Ezek a s\u00fctik nem tudj\u00e1k \u00d6nt szem\u00e9ly szerint beazonos\u00edtani (az \u00e9ppen haszn\u00e1lt IP c\u00edmet is csak r\u00e9szben r\u00f6gz\u00edtik), olyan inform\u00e1ci\u00f3kat gy\u0171jtenek, mint p\u00e9ld\u00e1ul, hogy melyik oldalt n\u00e9zte meg a l\u00e1togat\u00f3, vagy a weboldal mely r\u00e9sz\u00e9re kattintott, h\u00e1ny oldalt keresett fel, milyen hossz\u00fa volt az egyes munkamenetek megtekint\u00e9si ideje, melyek voltak az esetleges hiba\u00fczenetek &#8211; mindezt a weboldal fejleszt\u00e9s\u00e9nek, valamint a felhaszn\u00e1l\u00f3k sz\u00e1m\u00e1ra biztos\u00edtott \u00e9lm\u00e9nyek jav\u00edt\u00e1s\u00e1nak c\u00e9lj\u00e1val.<\/p>\n\n\n\n<h2 class=\"wp-block-heading\">Hogyan ellen\u0151rizheti \u00e9s hogyan tudja kikapcsolnia a s\u00fctiket?<\/h2>\n\n\n\n<p>Minden b\u00f6ng\u00e9sz\u0151 enged\u00e9lyezi a s\u00fctik be\u00e1ll\u00edt\u00e1s\u00e1nak a v\u00e1ltoztat\u00e1s\u00e1t. A legt\u00f6bb b\u00f6ng\u00e9sz\u0151 alap\u00e9rtelmezettk\u00e9nt automatikusan elfogadja a s\u00fctiket, de ezek \u00e1ltal\u00e1ban megv\u00e1ltoztathat\u00f3ak, hogy megakad\u00e1lyozza az automatikus elfogad\u00e1st \u00e9s minden alkalommal felaj\u00e1nlja a v\u00e1laszt\u00e1s lehet\u0151s\u00e9g\u00e9t, hogy szeretne vagy nem s\u00fctiket enged\u00e9lyezni.<\/p>\n\n\n\n<p>Felh\u00edvom figyelm\u00e9t, hogy mivel a s\u00fctik c\u00e9lja a weboldal haszn\u00e1lhat\u00f3s\u00e1g\u00e1nak \u00e9s folyamatainak megk\u00f6nny\u00edt\u00e9se vagy lehet\u0151v\u00e9 t\u00e9tele, a cookie-k alkalmaz\u00e1s\u00e1nak megakad\u00e1lyoz\u00e1sa vagy t\u00f6rl\u00e9se \u00e1ltal el\u0151fordulhat, hogy felhaszn\u00e1l\u00f3ink nem lesznek k\u00e9pesek weboldalunk funkci\u00f3inak teljes k\u00f6r\u0171 haszn\u00e1lat\u00e1ra, illetve hogy a weboldal a tervezett\u0151l elt\u00e9r\u0151en fog m\u0171k\u00f6dni b\u00f6ng\u00e9sz\u0151j\u00e9ben.<\/p>\n\n\n\n<h2 class=\"wp-block-heading\">Milyen s\u00fctiket kezel az oldal?<\/h2>\n\n\n\n<p>Az al\u00e1bbi s\u00fctik az oldal \u00e1ltal\u00e1nos l\u00e1togat\u00f3i sz\u00e1m\u00e1ra \u00e9rv\u00e9nyesek!<\/p>\n\n\n\n<figure class=\"wp-block-table alignleft is-style-stripes setcookies\"><table><thead><tr><th class=\"has-text-align-left\" data-align=\"left\">s\u00fcti neve<\/th><th class=\"has-text-align-left\" data-align=\"left\">lej\u00e1rat<\/th><th class=\"has-text-align-left\" data-align=\"left\">kezel\u0151<\/th><th class=\"has-text-align-left\" data-align=\"left\">s\u00fcti feladata<\/th><\/tr><\/thead><tbody><tr><td class=\"has-text-align-left\" data-align=\"left\">wordpress_test_cookie<\/td><td class=\"has-text-align-left\" data-align=\"left\">l\u00e1togat\u00e1sig<\/td><td class=\"has-text-align-left\" data-align=\"left\">weboldal<\/td><td class=\"has-text-align-left\" data-align=\"left\">A s\u00fctik enged\u00e9lyezetts\u00e9g\u00e9t vizsg\u00e1lja<\/td><\/tr><\/tbody><\/table><\/figure>\n\n\n\n<p><\/p>\n","protected":false},"excerpt":{"rendered":"<p>Mi is az a s\u00fcti? A s\u00fcti (cookie) egy kis f\u00e1jl, amely akkor ker\u00fcl a sz\u00e1m\u00edt\u00f3g\u00e9pre, amikor \u00d6n egy webhelyet l\u00e1togat meg. A s\u00fctik sz\u00e1mtalan funkci\u00f3val rendelkeznek. T\u00f6bbek k\u00f6z\u00f6tt inform\u00e1ci\u00f3t gy\u0171jtenek, megjegyzik a l\u00e1togat\u00f3 egy\u00e9ni be\u00e1ll\u00edt\u00e1sait, felhaszn\u00e1l\u00e1sra ker\u00fclnek p\u00e9ld\u00e1ul az online bev\u00e1s\u00e1rl\u00f3kosarak haszn\u00e1latakor, \u00e9s \u00e1ltal\u00e1noss\u00e1gban megk\u00f6nny\u00edtik a weboldal haszn\u00e1lat\u00e1t a felhaszn\u00e1l\u00f3k sz\u00e1m\u00e1ra. Milyen s\u00fctiket \u00e9s [&hellip;]<\/p>\n","protected":false},"author":1,"featured_media":0,"parent":37,"menu_order":0,"comment_status":"closed","ping_status":"closed","template":"","meta":{"footnotes":""},"class_list":["post-213","page","type-page","status-publish","hentry"],"_links":{"self":[{"href":"https:\/\/wp.okis.hu\/index.php?rest_route=\/wp\/v2\/pages\/213","targetHints":{"allow":["GET"]}}],"collection":[{"href":"https:\/\/wp.okis.hu\/index.php?rest_route=\/wp\/v2\/pages"}],"about":[{"href":"https:\/\/wp.okis.hu\/index.php?rest_route=\/wp\/v2\/types\/page"}],"author":[{"embeddable":true,"href":"https:\/\/wp.okis.hu\/index.php?rest_route=\/wp\/v2\/users\/1"}],"replies":[{"embeddable":true,"href":"https:\/\/wp.okis.hu\/index.php?rest_route=%2Fwp%2Fv2%2Fcomments&post=213"}],"version-history":[{"count":12,"href":"https:\/\/wp.okis.hu\/index.php?rest_route=\/wp\/v2\/pages\/213\/revisions"}],"predecessor-version":[{"id":232,"href":"https:\/\/wp.okis.hu\/index.php?rest_route=\/wp\/v2\/pages\/213\/revisions\/232"}],"up":[{"embeddable":true,"href":"https:\/\/wp.okis.hu\/index.php?rest_route=\/wp\/v2\/pages\/37"}],"wp:attachment":[{"href":"https:\/\/wp.okis.hu\/index.php?rest_route=%2Fwp%2Fv2%2Fmedia&parent=213"}],"curies":[{"name":"wp","href":"https:\/\/api.w.org\/{rel}","templated":true}]}}