{"id":206,"date":"2020-10-30T13:39:30","date_gmt":"2020-10-30T13:39:30","guid":{"rendered":"http:\/\/wp.okis.hu\/?page_id=206"},"modified":"2020-10-30T13:43:13","modified_gmt":"2020-10-30T13:43:13","slug":"adatkezelesi-nyilatkozat","status":"publish","type":"page","link":"https:\/\/wp.okis.hu\/?page_id=206","title":{"rendered":"Adatkezel\u00e9si nyilatkozat"},"content":{"rendered":"\n<p>Az \u0171rlap kit\u00f6lt\u00e9s\u00e9vel (adatai megad\u00e1s\u00e1val) \u00e9s a K\u00fcld\u00e9s nyom\u00f3gomb megnyom\u00e1s\u00e1val hozz\u00e1j\u00e1rul ahhoz, hogy az oldal tulajdonosa az \u00d6n \u00e1ltal megadott adatok alapj\u00e1n v\u00e1llalkoz\u00e1si tev\u00e9kenys\u00e9g\u00e9vel \u00f6sszef\u00fcgg\u00e9sben megkeresse \u00d6nt.<\/p>\n\n\n\n<p>Az oldal tulajdonosa t\u00e1j\u00e9koztatja \u00d6nt arr\u00f3l, hogy amennyiben felhatalmaz\u00e1s\u00e1t vissza szeretn\u00e9 vonni, akkor azt a&nbsp;<strong>fair21@fair21.hu<\/strong>&nbsp;e-mail c\u00edmre k\u00fcld\u00f6tt \u201c<em>Felhatalmaz\u00e1s visszavon\u00e1sa<\/em>\u201d t\u00e1rgy\u00fa elektronikus lev\u00e9lben b\u00e1rmikor megteheti.<\/p>\n\n\n\n<p>A tulajdonos kijelenti, hogy a tudom\u00e1s\u00e1ra jutott el\u00e9rhet\u0151s\u00e9gi adatokat harmadik f\u00e9l sz\u00e1m\u00e1ra nem adja ki. Amennyiben a egy\u00fcttm\u0171k\u00f6d\u0151 tudom\u00e1s\u00e1ra jut, hogy az oldal tulajdonosa ezzel ellent\u00e9tesen cselekedett, akkor jog\u00e1ban \u00e1ll b\u00edr\u00f3s\u00e1ghoz, vagy \u00edr\u00e1sban a Nemzeti Adatv\u00e9delmi \u00e9s Inform\u00e1ci\u00f3szabads\u00e1g Hat\u00f3s\u00e1ghoz fordulni (1125 \u2013 Budapest, Szil\u00e1gyi Erzs\u00e9bet fasor 22\/c, ugyf\u00e9lszolg\u00e1lat@haih, http:\/\/naih.hu).<\/p>\n\n\n\n<p><a href=\"#\" onclick=\"closeMe();\" title=\"B\u00f6ng\u00e9sz\u0151lap bez\u00e1r\u00e1sa\">Visszat\u00e9r\u00e9s<\/a> a megkeres\u00e9si \u0171rlap kit\u00f6lt\u00e9s\u00e9hez.<\/p>\n","protected":false},"excerpt":{"rendered":"<p>Az \u0171rlap kit\u00f6lt\u00e9s\u00e9vel (adatai megad\u00e1s\u00e1val) \u00e9s a K\u00fcld\u00e9s nyom\u00f3gomb megnyom\u00e1s\u00e1val hozz\u00e1j\u00e1rul ahhoz, hogy az oldal tulajdonosa az \u00d6n \u00e1ltal megadott adatok alapj\u00e1n v\u00e1llalkoz\u00e1si tev\u00e9kenys\u00e9g\u00e9vel \u00f6sszef\u00fcgg\u00e9sben megkeresse \u00d6nt. Az oldal tulajdonosa t\u00e1j\u00e9koztatja \u00d6nt arr\u00f3l, hogy amennyiben felhatalmaz\u00e1s\u00e1t vissza szeretn\u00e9 vonni, akkor azt a&nbsp;fair21@fair21.hu&nbsp;e-mail c\u00edmre k\u00fcld\u00f6tt \u201cFelhatalmaz\u00e1s visszavon\u00e1sa\u201d t\u00e1rgy\u00fa elektronikus lev\u00e9lben b\u00e1rmikor megteheti. A tulajdonos kijelenti, hogy [&hellip;]<\/p>\n","protected":false},"author":1,"featured_media":0,"parent":0,"menu_order":983,"comment_status":"closed","ping_status":"closed","template":"","meta":{"footnotes":""},"class_list":["post-206","page","type-page","status-publish","hentry"],"_links":{"self":[{"href":"https:\/\/wp.okis.hu\/index.php?rest_route=\/wp\/v2\/pages\/206","targetHints":{"allow":["GET"]}}],"collection":[{"href":"https:\/\/wp.okis.hu\/index.php?rest_route=\/wp\/v2\/pages"}],"about":[{"href":"https:\/\/wp.okis.hu\/index.php?rest_route=\/wp\/v2\/types\/page"}],"author":[{"embeddable":true,"href":"https:\/\/wp.okis.hu\/index.php?rest_route=\/wp\/v2\/users\/1"}],"replies":[{"embeddable":true,"href":"https:\/\/wp.okis.hu\/index.php?rest_route=%2Fwp%2Fv2%2Fcomments&post=206"}],"version-history":[{"count":3,"href":"https:\/\/wp.okis.hu\/index.php?rest_route=\/wp\/v2\/pages\/206\/revisions"}],"predecessor-version":[{"id":209,"href":"https:\/\/wp.okis.hu\/index.php?rest_route=\/wp\/v2\/pages\/206\/revisions\/209"}],"wp:attachment":[{"href":"https:\/\/wp.okis.hu\/index.php?rest_route=%2Fwp%2Fv2%2Fmedia&parent=206"}],"curies":[{"name":"wp","href":"https:\/\/api.w.org\/{rel}","templated":true}]}}