{"id":20,"date":"2020-05-19T08:36:53","date_gmt":"2020-05-19T08:36:53","guid":{"rendered":"http:\/\/wp.okis.hu\/?page_id=20"},"modified":"2020-10-30T13:32:15","modified_gmt":"2020-10-30T13:32:15","slug":"termekek","status":"publish","type":"page","link":"https:\/\/wp.okis.hu\/?page_id=20","title":{"rendered":"Term\u00e9kek"},"content":{"rendered":"\n<h2 class=\"wp-block-heading\">V\u00e1llalati biztos\u00edt\u00e1si term\u00e9keink<\/h2>\n\n\n\n<p><em>V\u00e1llalkoz\u00e1sok, int\u00e9zm\u00e9nyek, gazd\u00e1lkod\u00f3 szervezetek r\u00e9sz\u00e9re<\/em><\/p>\n\n\n\n<div>\n<a href=\"\/?page_id=111\"><img decoding=\"async\" src=\"\/icons\/vagyon-up.png\" alt=\"\" onmouseover=\"this.src='\/icons\/vagyon.png'\" onmouseout=\"this.src='\/icons\/vagyon-up.png'\"><\/a>\n<a href=\"\/?page_id=118\"><img decoding=\"async\" src=\"\/icons\/felelosseg-up.png\" alt=\"\" onmouseover=\"this.src='\/icons\/felelosseg.png'\" onmouseout=\"this.src='\/icons\/felelosseg-up.png'\"><\/a>\n<a href=\"\/?page_id=124\"><img decoding=\"async\" src=\"\/icons\/gepjarmu-up.png\" alt=\"\" onmouseover=\"this.src='\/icons\/gepjarmu.png'\" onmouseout=\"this.src='\/icons\/gepjarmu-up.png'\"><\/a>\n<a href=\"\/?page_id=126\"><img decoding=\"async\" src=\"\/icons\/szemely-up.png\" alt=\"\" onmouseover=\"this.src='\/icons\/szemely.png'\" onmouseout=\"this.src='\/icons\/szemely-up.png'\"><\/a>\n<img decoding=\"async\" src=\"\/icons\/hitel-up.png\" alt=\"\">\n<\/div>\n\n\n<div>\u00a0<\/div>\n\n\n<p class=\"has-vivid-red-color has-text-color\">A fentiek mellett \u00dcgyfeleink <strong>egyedi ig\u00e9nyeinek<\/strong> megold\u00e1s\u00e1ra is k\u00e9szs\u00e9ggel rendelkez\u00e9sre \u00e1llunk.<\/p>\n\n\n\n<p>&nbsp;<\/p>\n\n\n\n<h2 class=\"wp-block-heading\">Lakoss\u00e1gi biztos\u00edt\u00e1si term\u00e9keink<\/h2>\n\n\n\n<p><em>Mag\u00e1nszem\u00e9lyek r\u00e9sz\u00e9re<\/em><\/p>\n\n\n<div>\u00a0<\/div>\n\n\n<div>\n<a href=\"\/?page_id=153\"><img decoding=\"async\" src=\"\/icons\/mvagyon-up.png\" alt=\"\" onmouseover=\"this.src='\/icons\/mvagyon.png'\" onmouseout=\"this.src='\/icons\/mvagyon-up.png'\"><\/a>\n<a href=\"\/?page_id=157\"><img decoding=\"async\" src=\"\/icons\/mgepjarmu-up.png\" alt=\"\" onmouseover=\"this.src='\/icons\/mgepjarmu.png'\" onmouseout=\"this.src='\/icons\/mgepjarmu-up.png'\"><\/a>\n<a href=\"\/?page_id=155\"><img decoding=\"async\" src=\"\/icons\/mszemely-up.png\" alt=\"\" onmouseover=\"this.src='\/icons\/mszemely.png'\" onmouseout=\"this.src='\/icons\/mszemely-up.png'\"><\/a>\n<\/div>\n\n\n\n<p><br ><a href=\"\/?page_id=176\"><img decoding=\"async\" src=\"\/icons\/megkereses-up.png\" alt=\"\" onmouseover=\"this.src='\/icons\/megkereses.png'\" onmouseout=\"this.src='\/icons\/megkereses-up.png'\"><\/a><\/p>\n","protected":false},"excerpt":{"rendered":"<p>V\u00e1llalati biztos\u00edt\u00e1si term\u00e9keink V\u00e1llalkoz\u00e1sok, int\u00e9zm\u00e9nyek, gazd\u00e1lkod\u00f3 szervezetek r\u00e9sz\u00e9re \u00a0 A fentiek mellett \u00dcgyfeleink egyedi ig\u00e9nyeinek megold\u00e1s\u00e1ra is k\u00e9szs\u00e9ggel rendelkez\u00e9sre \u00e1llunk. &nbsp; Lakoss\u00e1gi biztos\u00edt\u00e1si term\u00e9keink Mag\u00e1nszem\u00e9lyek r\u00e9sz\u00e9re \u00a0<\/p>\n","protected":false},"author":1,"featured_media":0,"parent":0,"menu_order":200,"comment_status":"closed","ping_status":"closed","template":"","meta":{"footnotes":""},"class_list":["post-20","page","type-page","status-publish","hentry"],"_links":{"self":[{"href":"https:\/\/wp.okis.hu\/index.php?rest_route=\/wp\/v2\/pages\/20","targetHints":{"allow":["GET"]}}],"collection":[{"href":"https:\/\/wp.okis.hu\/index.php?rest_route=\/wp\/v2\/pages"}],"about":[{"href":"https:\/\/wp.okis.hu\/index.php?rest_route=\/wp\/v2\/types\/page"}],"author":[{"embeddable":true,"href":"https:\/\/wp.okis.hu\/index.php?rest_route=\/wp\/v2\/users\/1"}],"replies":[{"embeddable":true,"href":"https:\/\/wp.okis.hu\/index.php?rest_route=%2Fwp%2Fv2%2Fcomments&post=20"}],"version-history":[{"count":60,"href":"https:\/\/wp.okis.hu\/index.php?rest_route=\/wp\/v2\/pages\/20\/revisions"}],"predecessor-version":[{"id":198,"href":"https:\/\/wp.okis.hu\/index.php?rest_route=\/wp\/v2\/pages\/20\/revisions\/198"}],"wp:attachment":[{"href":"https:\/\/wp.okis.hu\/index.php?rest_route=%2Fwp%2Fv2%2Fmedia&parent=20"}],"curies":[{"name":"wp","href":"https:\/\/api.w.org\/{rel}","templated":true}]}}