{"id":19,"date":"2020-05-19T08:36:53","date_gmt":"2020-05-19T08:36:53","guid":{"rendered":"http:\/\/wp.okis.hu\/?page_id=19"},"modified":"2020-10-29T12:29:12","modified_gmt":"2020-10-29T12:29:12","slug":"szolgaltatasok","status":"publish","type":"page","link":"https:\/\/wp.okis.hu\/?page_id=19","title":{"rendered":"Szolg\u00e1ltat\u00e1sok"},"content":{"rendered":"\n<ul class=\"level1 wp-block-list\"><li>Tev\u00e9kenys\u00e9geink k\u00f6z\u00e9 tartozik a biztos\u00edt\u00f3t\u00e1rsas\u00e1gok <strong>megversenyeztet\u00e9s<\/strong>e, ismerve a piac lehet\u0151s\u00e9geket.<\/li><li><strong>Biztos\u00edt\u00e1sk\u00f6zvet\u00edt\u00e9s<\/strong>: kock\u00e1zat- \u00e9s ig\u00e9nyfelm\u00e9r\u00e9s, az \u00e1raj\u00e1nlat kidolgoz\u00e1s\u00e1hoz sz\u00fcks\u00e9ges adatok rendszerez\u00e9se, kalkul\u00e1ci\u00f3k k\u00e9sz\u00edt\u00e9s ill. \u00e1raj\u00e1nlat bek\u00e9r\u00e9s a biztos\u00edt\u00f3t\u00e1rsas\u00e1gokt\u00f3l, a kiv\u00e1lasztott szerz\u0151d\u00e9s kik\u00f6zvet\u00edt\u00e9se, megk\u00f6t\u00e9s\u00e9nek el\u0151k\u00e9sz\u00edt\u00e9se.<\/li><li><strong>Megl\u00e9v\u0151 szerz\u0151d\u00e9sek aktualiz\u00e1l\u00e1sa<\/strong>, elemz\u00e9se, kieg\u00e9sz\u00edt\u00e9se.<\/li><li><strong>Egyedi ig\u00e9nyek<\/strong> kidolgoz\u00e1sa, \u00e9rv\u00e9nyes\u00edt\u00e9se.<\/li><li><strong>Biztos\u00edt\u00e1si tan\u00e1csad\u00e1s<\/strong>, d\u00f6nt\u00e9s-el\u0151k\u00e9sz\u00edt\u00e9s, \u00f6sszehasonl\u00edt\u00f3 elemz\u00e9s k\u00e9sz\u00edt\u00e9se a biztos\u00edt\u00f3t\u00e1rsas\u00e1gok szolg\u00e1ltat\u00e1sai illetve d\u00edjai vonatkoz\u00e1s\u00e1ban.<\/li><li><strong>Kedvezm\u00e9nyek \u00e9rv\u00e9nyes\u00edt\u00e9se<\/strong><\/li><li>A szerz\u0151d\u00e9sk\u00f6t\u00e9st k\u00f6vet\u0151en a <strong>hossz\u00fa t\u00e1v\u00fa \u00fcgyf\u00e9lkapcsolat<\/strong> \u00e1pol\u00e1sa.<\/li><\/ul>\n\n\n\n<ul class=\"level2 wp-block-list\"><li>Vagyonadatok v\u00e1ltoz\u00e1sa alapj\u00e1n a <strong>biztos\u00edt\u00e1si konstrukci\u00f3 fenntart\u00e1sa<\/strong>, meg\u00faj\u00edt\u00e1sa, aktualiz\u00e1l\u00e1sa, a bek\u00f6vetkez\u0151 v\u00e1ltoz\u00e1sok kezel\u00e9se.<\/li><li>A biztos\u00edt\u00f3t\u00e1rsas\u00e1gok \u00e1ltal tov\u00e1bb\u00edtott <strong>dokumentumok<\/strong> \u00e1tvizsg\u00e1l\u00e1sa, <strong>ellen\u0151rz\u00e9se<\/strong> (sz\u00e1ml\u00e1k, k\u00f6tv\u00e9nyek, d\u00edjkalkul\u00e1ci\u00f3k, stb.).<\/li><li>A biztos\u00edt\u00e1si <strong>szerz\u0151d\u00e9s f\u0151bb adatainak nyilv\u00e1ntart\u00e1sa.<\/strong><\/li><li>Ig\u00e9ny szerint a <strong>portf\u00f3li\u00f3 megversenyeztet\u00e9se<\/strong>.<\/li><li>D\u00edjfizet\u00e9si k\u00f6telezetts\u00e9g nyilv\u00e1ntart\u00e1sa, <strong>d\u00edjelmarad\u00e1s rendez\u00e9s\u00e9nek el\u0151seg\u00edt\u00e9se<\/strong>.<\/li><li><strong>K\u00e1rrendez\u00e9si<\/strong> elj\u00e1r\u00e1sra vonatkoz\u00f3 <strong>tan\u00e1csad\u00e1s<\/strong>.<\/li><li><strong>T\u00e1j\u00e9koztat\u00e1s<\/strong> az esetleges konkr\u00e9t \u00fcgyek \u00e1ll\u00e1s\u00e1r\u00f3l.<\/li><\/ul>\n","protected":false},"excerpt":{"rendered":"<p>Tev\u00e9kenys\u00e9geink k\u00f6z\u00e9 tartozik a biztos\u00edt\u00f3t\u00e1rsas\u00e1gok megversenyeztet\u00e9se, ismerve a piac lehet\u0151s\u00e9geket. Biztos\u00edt\u00e1sk\u00f6zvet\u00edt\u00e9s: kock\u00e1zat- \u00e9s ig\u00e9nyfelm\u00e9r\u00e9s, az \u00e1raj\u00e1nlat kidolgoz\u00e1s\u00e1hoz sz\u00fcks\u00e9ges adatok rendszerez\u00e9se, kalkul\u00e1ci\u00f3k k\u00e9sz\u00edt\u00e9s ill. \u00e1raj\u00e1nlat bek\u00e9r\u00e9s a biztos\u00edt\u00f3t\u00e1rsas\u00e1gokt\u00f3l, a kiv\u00e1lasztott szerz\u0151d\u00e9s kik\u00f6zvet\u00edt\u00e9se, megk\u00f6t\u00e9s\u00e9nek el\u0151k\u00e9sz\u00edt\u00e9se. Megl\u00e9v\u0151 szerz\u0151d\u00e9sek aktualiz\u00e1l\u00e1sa, elemz\u00e9se, kieg\u00e9sz\u00edt\u00e9se. Egyedi ig\u00e9nyek kidolgoz\u00e1sa, \u00e9rv\u00e9nyes\u00edt\u00e9se. Biztos\u00edt\u00e1si tan\u00e1csad\u00e1s, d\u00f6nt\u00e9s-el\u0151k\u00e9sz\u00edt\u00e9s, \u00f6sszehasonl\u00edt\u00f3 elemz\u00e9s k\u00e9sz\u00edt\u00e9se a biztos\u00edt\u00f3t\u00e1rsas\u00e1gok szolg\u00e1ltat\u00e1sai illetve d\u00edjai vonatkoz\u00e1s\u00e1ban. Kedvezm\u00e9nyek [&hellip;]<\/p>\n","protected":false},"author":1,"featured_media":0,"parent":0,"menu_order":100,"comment_status":"closed","ping_status":"closed","template":"","meta":{"footnotes":""},"class_list":["post-19","page","type-page","status-publish","hentry"],"_links":{"self":[{"href":"https:\/\/wp.okis.hu\/index.php?rest_route=\/wp\/v2\/pages\/19","targetHints":{"allow":["GET"]}}],"collection":[{"href":"https:\/\/wp.okis.hu\/index.php?rest_route=\/wp\/v2\/pages"}],"about":[{"href":"https:\/\/wp.okis.hu\/index.php?rest_route=\/wp\/v2\/types\/page"}],"author":[{"embeddable":true,"href":"https:\/\/wp.okis.hu\/index.php?rest_route=\/wp\/v2\/users\/1"}],"replies":[{"embeddable":true,"href":"https:\/\/wp.okis.hu\/index.php?rest_route=%2Fwp%2Fv2%2Fcomments&post=19"}],"version-history":[{"count":4,"href":"https:\/\/wp.okis.hu\/index.php?rest_route=\/wp\/v2\/pages\/19\/revisions"}],"predecessor-version":[{"id":174,"href":"https:\/\/wp.okis.hu\/index.php?rest_route=\/wp\/v2\/pages\/19\/revisions\/174"}],"wp:attachment":[{"href":"https:\/\/wp.okis.hu\/index.php?rest_route=%2Fwp%2Fv2%2Fmedia&parent=19"}],"curies":[{"name":"wp","href":"https:\/\/api.w.org\/{rel}","templated":true}]}}