{"id":118,"date":"2020-10-28T13:30:42","date_gmt":"2020-10-28T13:30:42","guid":{"rendered":"http:\/\/wp.okis.hu\/?page_id=118"},"modified":"2020-10-30T13:34:32","modified_gmt":"2020-10-30T13:34:32","slug":"vallalati-felelosseg-biztositasok","status":"publish","type":"page","link":"https:\/\/wp.okis.hu\/?page_id=118","title":{"rendered":"V\u00e1llalati felel\u0151ss\u00e9g-biztos\u00edt\u00e1sok"},"content":{"rendered":"\n<ul class=\"level1thick wp-block-list\"><li>\u00c1ltal\u00e1nos<\/li><li>Munk\u00e1ltat\u00f3i<\/li><li>Szolg\u00e1ltat\u00f3i<\/li><li>K\u00f6rnyezetszennyez\u00e9si<\/li><li>Term\u00e9k<\/li><li>B\u00e9rl\u0151i<\/li><li>B\u00e9rbead\u00f3i<\/li><li>K\u00f6z\u00fati \u00c1rufuvaroz\u00f3i (belf\u00f6ldi, nemzetk\u00f6zi)<\/li><li>Vezet\u0151 tiszts\u00e9gvisel\u0151k<\/li><li>Ad\u00f3szak\u00e9rt\u0151k, gazdas\u00e1gi tan\u00e1csad\u00f3k<\/li><li>\u00dcgyv\u00e9dek, jogtan\u00e1csosok<\/li><li>Orvosok, eg\u00e9szs\u00e9g\u00fcgyi dolgoz\u00f3k<\/li><li>Gy\u00f3gyszer\u00e9szek<\/li><li>Rendezv\u00e9nyszervez\u0151i<\/li><li>G\u00e9pj\u00e1rm\u0171 szervizek<\/li><li>\u0150rz\u0151- v\u00e9d\u0151 szervezetek<\/li><li>Egyedi felel\u0151ss\u00e9gbiztos\u00edt\u00e1sok<\/li><\/ul>\n\n\n\n<p><br ><a href=\"\/?page_id=176\"><img decoding=\"async\" src=\"\/icons\/megkereses-up.png\" alt=\"\" onmouseover=\"this.src='\/icons\/megkereses.png'\" onmouseout=\"this.src='\/icons\/megkereses-up.png'\"><\/a><\/p>\n","protected":false},"excerpt":{"rendered":"<p>\u00c1ltal\u00e1nos Munk\u00e1ltat\u00f3i Szolg\u00e1ltat\u00f3i K\u00f6rnyezetszennyez\u00e9si Term\u00e9k B\u00e9rl\u0151i B\u00e9rbead\u00f3i K\u00f6z\u00fati \u00c1rufuvaroz\u00f3i (belf\u00f6ldi, nemzetk\u00f6zi) Vezet\u0151 tiszts\u00e9gvisel\u0151k Ad\u00f3szak\u00e9rt\u0151k, gazdas\u00e1gi tan\u00e1csad\u00f3k \u00dcgyv\u00e9dek, jogtan\u00e1csosok Orvosok, eg\u00e9szs\u00e9g\u00fcgyi dolgoz\u00f3k Gy\u00f3gyszer\u00e9szek Rendezv\u00e9nyszervez\u0151i G\u00e9pj\u00e1rm\u0171 szervizek \u0150rz\u0151- v\u00e9d\u0151 szervezetek Egyedi felel\u0151ss\u00e9gbiztos\u00edt\u00e1sok<\/p>\n","protected":false},"author":1,"featured_media":0,"parent":47,"menu_order":0,"comment_status":"closed","ping_status":"closed","template":"","meta":{"footnotes":""},"class_list":["post-118","page","type-page","status-publish","hentry"],"_links":{"self":[{"href":"https:\/\/wp.okis.hu\/index.php?rest_route=\/wp\/v2\/pages\/118","targetHints":{"allow":["GET"]}}],"collection":[{"href":"https:\/\/wp.okis.hu\/index.php?rest_route=\/wp\/v2\/pages"}],"about":[{"href":"https:\/\/wp.okis.hu\/index.php?rest_route=\/wp\/v2\/types\/page"}],"author":[{"embeddable":true,"href":"https:\/\/wp.okis.hu\/index.php?rest_route=\/wp\/v2\/users\/1"}],"replies":[{"embeddable":true,"href":"https:\/\/wp.okis.hu\/index.php?rest_route=%2Fwp%2Fv2%2Fcomments&post=118"}],"version-history":[{"count":2,"href":"https:\/\/wp.okis.hu\/index.php?rest_route=\/wp\/v2\/pages\/118\/revisions"}],"predecessor-version":[{"id":202,"href":"https:\/\/wp.okis.hu\/index.php?rest_route=\/wp\/v2\/pages\/118\/revisions\/202"}],"up":[{"embeddable":true,"href":"https:\/\/wp.okis.hu\/index.php?rest_route=\/wp\/v2\/pages\/47"}],"wp:attachment":[{"href":"https:\/\/wp.okis.hu\/index.php?rest_route=%2Fwp%2Fv2%2Fmedia&parent=118"}],"curies":[{"name":"wp","href":"https:\/\/api.w.org\/{rel}","templated":true}]}}